 when 154 is divided by j.
50
Let i(y) = y**2 + y + 7. Let r = 7 + -4. Suppose -2*v = -5*l + 20, 0 = 2*v + 2*l - r - 5. What is the remainder when i(v) is divided by 2?
1
Let x be (-18)/45 + 114/10. Let y = -2 + x. Suppose -w + 8 = -y. What is the remainder when 49 is divided by w?
15
Let v = 165 + -82. What is the remainder when v is divided by 22?
17
Suppose -3*z = 3*z - 78. Calculate the remainder when z is divided by 5.
3
Let u(c) = 20*c. Let o be u(1). Suppose -3*x = -o + 5. Suppose x*d = 8*d - 42. Calculate the remainder when 39 is divided by d.
11
Let j be (-4)/3*(-18)/4. Suppose 0*l + 2*l + 6 = 2*t, -j = -3*l. Suppose 0*z - 2*z - 37 = -5*d, z = 4. Calculate the remainder when d is divided by t.
4
Let y(a) = -10*a - 3. Let b be y(3). Let n = b + 62. What is the remainder when n is divided by 8?
5
Let a = -13 - 6. Let c = -9 - 4. Let s = c - a. What is the remainder when 10 is divided by s?
4
Suppose -z + 75 = 5*h, -h = 5*z - 0*z - 375. What is the remainder when z is divided by 13?
10
Suppose -2*r = -9 - 1. Suppose -r*l - 2*x + 52 = -x, 2*l = -2*x + 24. Calculate the remainder when 39 is divided by l.
9
Suppose 0 = 3*f - 0*f - 51. What is the remainder when 49 is divided by f?
15
What is the remainder when 59 is divided by (24/15)/((-12)/(-90))?
11
What is the remainder when 6 is divided by 3/(-9) + 1 - 8/(-6)?
0
Let o be (1/(-2))/((-2)/(-44)). Let q(b) = -b**2 - 12*b + 3. Calculate the remainder when 55 is divided by q(o).
13
Let w(l) = l**3 - 5*l - 3. Calculate the remainder when w(4) is divided by 11.
8
Suppose -106 = -3*f + 29. Calculate the remainder when f is divided by 23.
22
Calculate the remainder when (-4)/4 + 328/4 is divided by 14.
11
Let g = -4 - -6. Let n = 5 - g. Suppose -3*y + 7*y - 24 = -4*w, -5*w + 18 = 2*y. Calculate the remainder when n is divided by w.
1
Let l = -9 + 14. Suppose 0*o = l*o + 50. What is the remainder when 7 is divided by (-76)/(-20) - 2/o?
3
Suppose 0 = c + 3*c - 56. What is the remainder when c is divided by ((-2)/(-2) + 2)/1?
2
What is the remainder when 13/(3/(-3 - -6)) is divided by 10?
3
Suppose 30 = 9*v - 4*v. What is the remainder when 8 is divided by v?
2
Let j(o) = 2*o + 3. Let u(x) = x + 1. Let t(f) = 3*j(f) - 7*u(f). Suppose 11 - 4 = -k. Calculate the remainder when 26 is divided by t(k).
8
Let x = -9 - -7. What is the remainder when (-3)/(-6)*x*-31 is divided by 16?
15
Suppose 80 = 4*x - b, 3*b - 8 = 5*b. Calculate the remainder when x is divided by 8.
3
Let h(i) = 21*i + 5. Let x(f) = f. Let d(y) = -h(y) - 3*x(y). Let o be d(5). Let b = -74 - o. What is the remainder when b is divided by 13?
12
Let j be (-2 + (-5)/(-3))*9. What is the remainder when 59 is divided by (25 - (j + 0)) + 2?
29
Suppose -3*x + 1 = -2. Let k = 6 - x. Calculate the remainder when 3*(22/6 - -1) is divided by k.
4
Calculate the remainder when 2/1 + 29/1 is divided by 8.
7
Suppose 6*x - 45 = x. What is the remainder when (-1)/(-4) + 524/16 is divided by ((-51)/x)/((-3)/9)?
16
Let t = 8 + -4. Let q(p) = -p**2. Let y(o) = 2*o**2 + 5*o. Let a(d) = -q(d) - y(d). What is the remainder when a(-3) is divided by t?
2
Let w be 4/18 - (-114)/(-27). Let z = w + 9. Let c(k) = k**3 - 5*k**2 + k + 5. Calculate the remainder when 29 is divided by c(z).
9
Let z be (-1)/4 - (-25)/4. Let x(d) = 2*d - 6. Let w = -7 - -23. What is the remainder when w is divided by x(z)?
4
Let b = -1 - -3. Suppose 2*g + b*g = 76. Calculate the remainder when (-9)/((-27)/(-6)) + 39 is divided by g.
18
Calculate the remainder when 59 is divided by (-2)/6*(-20 - 43).
17
Let w = -56 - -78. Calculate the remainder when 64 is divided by w.
20
Let p(a) = 48*a**2 - 2*a + 1. Let q be p(1). Let d = q + -79. What is the remainder when (18/8)/((-3)/d) is divided by 13?
11
Let z = -12 - -17. Suppose -4*f - 17 = -z*f. Let w = 34 - f. What is the remainder when w is divided by 5?
2
Let f(s) = 16*s**3 + 2*s**2 - 2*s + 1. Let g be f(1). Calculate the remainder when -3 + (-4)/(-1)*g is divided by 17.
14
Let n be 0*((-10)/(-4))/5. Calculate the remainder when 48 is divided by 21 - n - -3 - -1.
23
Let f = -95 + 172. Calculate the remainder when f is divided by 39.
38
Calculate the remainder when 55 is divided by 10/(-25) + 107/5.
13
Suppose -5 = -2*y - 3*y. What is the remainder when y/1*(-129)/(-3) is divided by 15?
13
Let k be (-1)/(-2) - (-7)/2. What is the remainder when (0/k)/(-3) - -41 is divided by 14?
13
Suppose -p + 21 = -7. Calculate the remainder when p is divided by 15.
13
Suppose 5*o - 71 = f + 9, 60 = 5*o - 5*f. Calculate the remainder when 67 is divided by o.
16
Suppose 0 = 5*p + 10, -p + 108 = 5*z - 0*p. What is the remainder when 86 is divided by z?
20
Suppose f - y = 4*y - 3, 3*f - y = -9. Calculate the remainder when (-249)/(-6) - f/(-6) is divided by 14.
13
Let d = 143 - 40. Let f = -64 + d. Let a = 24 - 4. Calculate the remainder when f is divided by a.
19
Let b(n) = -n**2 - 3*n. Let u be b(-3). Suppose u = 2*l + 4*o + 4, -l - 3*o = 2*o + 5. Suppose 2*t = -l*t + 24. What is the remainder when 35 is divided by t?
11
Suppose 0 = -5*w - l + 11 + 4, l + 3 = w. Calculate the remainder when ((0 + 1)*-7)/(-1) is divided by w.
1
Let l(t) = -5*t - 14. Suppose -2*x + 34 = -28. Let o = x + -17. Calculate the remainder when l(-8) is divided by o.
12
Suppose -v = -1 - 1. What is the remainder when 5 is divided by v?
1
Suppose -v + 9 = 5*h - 2*h, 3*h - 5*v - 9 = 0. Let y(g) = 3*g**2 + g**2 + 3*g - 2*g**2 + h. Calculate the remainder when 13 is divided by y(-2).
3
Let s = -21 - -31. Suppose 15 = 5*l, -1 + s = 2*f - 5*l. What is the remainder when 23 is divided by f?
11
Let t = -148 + 278. What is the remainder when t is divided by 22?
20
Suppose -s - 2*s = -57. Suppose -2*h - 5*q + 7 = s, -5*h + 2*q = 88. Let f = h + 36. Calculate the remainder when f is divided by 7.
6
Let l(h) = 2*h**2 + h - 3. Let k(w) = -w**2 - 7*w - 1. What is the remainder when l(3) is divided by k(-6)?
3
Suppose 4*z = z + 42. Suppose 3*j = 5*t - 18, -t + 2*t = -2*j + z. What is the remainder when t is divided by 3?
0
Let w(f) = -4*f**3 - f**2 + 1. Let s be w(-1). Suppose 0 = -4*z + 3*h + 55, 4*z - 53 = 2*h - 3. Let t = z - s. Calculate the remainder when t is divided by 4.
2
Let p(v) be the second derivative of v**4/12 + v**3/6 - 2*v**2 + 2*v. Calculate the remainder when 15 is divided by p(-4).
7
Suppose -5*q + 32 = -q + 2*k, -37 = -3*q + 5*k. What is the remainder when 34 is divided by q?
7
Let m be -6 + (-2 - (-2 - -2)). What is the remainder when 35 is divided by (-74)/m + 2/(-8)?
8
Let u(x) = 2 + 12*x**2 + 3 - 3 + x. Suppose 4*t - 23 = 49. What is the remainder when u(2) is divided by t?
16
Let u(k) = 0*k + 7*k**2 + 0*k + 4*k**2 + k. What is the remainder when 34 is divided by u(1)?
10
Let h = -17 - -17. Suppose -4*r + 3*r - 17 = -2*j, -2*j - 3*r + 5 = h. Calculate the remainder when 18 is divided by j.
4
Let p = 117 + -57. Calculate the remainder when p is divided by 21.
18
What is the remainder when -3 - (-50 + -7 + 4) is divided by 18?
14
Let y(k) = 4*k - 4. Let c be y(2). Suppose c*h - 23 = 41. What is the remainder when 30 is divided by h?
14
Let n(l) = 7*l - 2. Let d be n(3). Suppose m - 28 = d. What is the remainder when m is divided by 12?
11
Suppose -i = 3*b - 12, -b + 2*b + 28 = i. Calculate the remainder when 71 is divided by i.
23
Let n = -25 - -31. Suppose 0 = f - 2*f + 17. Calculate the remainder when f is divided by n.
5
Suppose 3 = 5*p + 8. What is the remainder when (-2)/2 + (11 - p) is divided by 6?
5
Let l(t) = 2*t**3 - 11*t**2 - 7*t + 8. What is the remainder when 2 is divided by l(6)?
0
Let f = -30 - -13. Let w = 45 + f. What is the remainder when w is divided by 15?
13
Let i = -8 + 17. Suppose -279 = -3*m - 66. Let v = 105 - m. Calculate the remainder when v is divided by i.
7
Suppose -3*v + 38 = -5*b, 4*b + 2 + 2 = 0. Calculate the remainder when 290/9 - 4/18 is divided by v.
10
Let t be 41/2 + 6/(-12). Suppose 2*f - 32 = -f + 4*s, 2*f - t = 2*s. What is the remainder when 30 is divided by f?
6
Let d be (-214)/9 - (-2)/(-9). Let i = 48 + d. What is the remainder when 46 is divided by i?
22
Suppose -4*c = 4*p - 48, 0 = 5*c - 31 + 6. Let k(m) = 6*m + 8. Calculate the remainder when k(p) is divided by 17.
16
Let j(b) = -b**2 - 5*b - 2. Let y be j(-4). Suppose -4*